{"id":5,"date":"2019-01-06T15:49:57","date_gmt":"2019-01-06T14:49:57","guid":{"rendered":"https:\/\/ordentliggym.no\/?page_id=5"},"modified":"2025-06-23T10:53:25","modified_gmt":"2025-06-23T08:53:25","slug":"ordentlig-gym","status":"publish","type":"page","link":"https:\/\/ordentliggym.no\/","title":{"rendered":"Ordentlig Gym"},"content":{"rendered":"\n<div class=\"wp-block-cover alignfull is-light home-video\"><span aria-hidden=\"true\" class=\"wp-block-cover__background has-background-dim-20 has-background-dim\"><\/span><video class=\"wp-block-cover__video-background intrinsic-ignore\" autoplay muted loop playsinline src=\"https:\/\/ordentliggym.no\/wp-content\/uploads\/2019\/01\/Ordentlig-Gym.mp4\" data-object-fit=\"cover\"><\/video><div class=\"wp-block-cover__inner-container is-layout-flow wp-block-cover-is-layout-flow\">\n<h1 class=\"wp-block-heading has-text-align-center\">Et treningssenter utenom det vanlige!<\/h1>\n\n\n\n<div class=\"wp-block-buttons is-horizontal is-content-justification-center is-layout-flex wp-container-core-buttons-is-layout-1 wp-block-buttons-is-layout-flex\">\n<div class=\"wp-block-button\"><a class=\"wp-block-button__link has-background wp-element-button\" href=\"https:\/\/ordentliggym.wondr.cc\/register\" style=\"background-color:#4bb543\">Bli medlem<\/a><\/div>\n<\/div>\n<\/div><\/div>\n\n\n\n<h1 class=\"wp-block-heading has-text-align-center\">Treningssenteret for deg som liker \u00e5 trene!<\/h1>\n\n\n\n<p class=\"has-text-align-center\">Hos Ordentlig Gym st\u00e5r trening og helse i fokus. Derfor tilbyr vi det beste av treningsapparater h\u00e5ndplukket fra hele verden.<\/p>\n\n\n\n<p class=\"has-text-align-center\">Velkommen til oss for en unik treningsopplevelse!<\/p>\n\n\n\n<p><\/p>\n\n\n\n<div style=\"height:20px\" aria-hidden=\"true\" class=\"wp-block-spacer\"><\/div>\n\n\n\n<div class=\"wp-block-uagb-advanced-heading uagb-block-40640c74\" id=\"uagb-adv-heading-a5f030d6-2f0f-4bee-bfe6-386a573a825d\"><h1 class=\"uagb-heading-text\"><strong>Fra<\/strong> 399,- <strong>mnd<\/strong><\/h1><p class=\"uagb-desc-text\"><strong>Ingen innmeldingsgebyr<\/strong><br><br>\u00c5pent 05:00-00:00<br>365 dager i \u00e5ret<br><\/p><\/div>\n\n\n\n<div class=\"wp-block-cover alignfull has-parallax is-light med-knapp\"><span aria-hidden=\"true\" class=\"wp-block-cover__background has-background-dim-40 has-background-dim\"><\/span><div class=\"wp-block-cover__image-background wp-image-8 has-parallax\" style=\"background-position:50% 50%;background-image:url(https:\/\/ordentliggym.no\/wp-content\/uploads\/2019\/01\/AdobeStock_170630884.jpg)\"><\/div><div class=\"wp-block-cover__inner-container is-layout-flow wp-block-cover-is-layout-flow\">\n<p class=\"has-text-align-center has-large-font-size\">Ordentlig Gym er et utradisjonelt treningssenter med en sjeldent stor maskinpark av h\u00f8y kvalitet.<br><\/p>\n<\/div><\/div>\n\n\n\n<h2 class=\"wp-block-heading has-text-align-center\">Ordentlig Gym er et utradisjonelt treningssenter med en sjeldent stor maskinpark av h\u00f8y kvalitet.<\/h2>\n\n\n\n<p class=\"has-text-align-center\"><\/p>\n\n\n\n<p class=\"has-text-align-center\"><\/p>\n\n\n\n<div class=\"wp-block-button fullwidth-btn\"><a class=\"wp-block-button__link has-text-color has-background wp-element-button\" href=\"https:\/\/ordentliggym.wondr.cc\/register\" style=\"color:#ffffff;background-color:#4bb543\">Bli medlem<\/a><\/div>\n\n\n\n<p><\/p>\n","protected":false},"excerpt":{"rendered":"<p>Treningssenteret for deg som liker \u00e5 trene! Hos Ordentlig Gym st\u00e5r trening og helse i fokus. Derfor tilbyr vi det beste av treningsapparater h\u00e5ndplukket fra hele verden. Velkommen til oss for en unik treningsopplevelse! Fra 399,- mnd Ingen innmeldingsgebyr \u00c5pent 05:00-00:00365 dager i \u00e5ret Ordentlig Gym er et utradisjonelt treningssenter med en sjeldent stor maskinpark [&hellip;]<\/p>\n","protected":false},"author":3,"featured_media":0,"parent":0,"menu_order":0,"comment_status":"closed","ping_status":"closed","template":"","meta":{"_uag_custom_page_level_css":"","footnotes":""},"class_list":["post-5","page","type-page","status-publish","hentry"],"uagb_featured_image_src":{"full":false,"thumbnail":false,"medium":false,"medium_large":false,"large":false,"1536x1536":false,"2048x2048":false},"uagb_author_info":{"display_name":"Henrik Smith","author_link":"https:\/\/ordentliggym.no\/?author=3"},"uagb_comment_info":0,"uagb_excerpt":"Treningssenteret for deg som liker \u00e5 trene! Hos Ordentlig Gym st\u00e5r trening og helse i fokus. Derfor tilbyr vi det beste av treningsapparater h\u00e5ndplukket fra hele verden. Velkommen til oss for en unik treningsopplevelse! Fra 399,- mnd Ingen innmeldingsgebyr \u00c5pent 05:00-00:00365 dager i \u00e5ret Ordentlig Gym er et utradisjonelt treningssenter med en sjeldent stor maskinpark&hellip;","_links":{"self":[{"href":"https:\/\/ordentliggym.no\/index.php?rest_route=\/wp\/v2\/pages\/5","targetHints":{"allow":["GET"]}}],"collection":[{"href":"https:\/\/ordentliggym.no\/index.php?rest_route=\/wp\/v2\/pages"}],"about":[{"href":"https:\/\/ordentliggym.no\/index.php?rest_route=\/wp\/v2\/types\/page"}],"author":[{"embeddable":true,"href":"https:\/\/ordentliggym.no\/index.php?rest_route=\/wp\/v2\/users\/3"}],"replies":[{"embeddable":true,"href":"https:\/\/ordentliggym.no\/index.php?rest_route=%2Fwp%2Fv2%2Fcomments&post=5"}],"version-history":[{"count":5,"href":"https:\/\/ordentliggym.no\/index.php?rest_route=\/wp\/v2\/pages\/5\/revisions"}],"predecessor-version":[{"id":412,"href":"https:\/\/ordentliggym.no\/index.php?rest_route=\/wp\/v2\/pages\/5\/revisions\/412"}],"wp:attachment":[{"href":"https:\/\/ordentliggym.no\/index.php?rest_route=%2Fwp%2Fv2%2Fmedia&parent=5"}],"curies":[{"name":"wp","href":"https:\/\/api.w.org\/{rel}","templated":true}]}}